{"id":31,"date":"2024-09-30T14:45:40","date_gmt":"2024-09-30T14:45:40","guid":{"rendered":"http:\/\/agervaenget.dk\/?page_id=31"},"modified":"2026-02-05T20:51:43","modified_gmt":"2026-02-05T20:51:43","slug":"spoergsmaal-og-svar","status":"publish","type":"page","link":"http:\/\/agervaenget.dk\/index.php\/spoergsmaal-og-svar\/","title":{"rendered":"Nyttige links"},"content":{"rendered":"\n<p><\/p>\n\n\n\n<div class=\"wp-block-columns is-layout-flex wp-container-core-columns-is-layout-1 wp-block-columns-is-layout-flex\">\n<div class=\"wp-block-column is-layout-flow wp-block-column-is-layout-flow\" style=\"flex-basis:33.33%\">\n<figure class=\"wp-block-image size-large is-style-default\"><img loading=\"lazy\" decoding=\"async\" width=\"1024\" height=\"683\" src=\"http:\/\/agervaenget.dk\/wp-content\/uploads\/2025\/12\/IMG_7418-1024x683.jpg\" alt=\"\" class=\"wp-image-420\" srcset=\"http:\/\/agervaenget.dk\/wp-content\/uploads\/2025\/12\/IMG_7418-1024x683.jpg 1024w, http:\/\/agervaenget.dk\/wp-content\/uploads\/2025\/12\/IMG_7418-300x200.jpg 300w, http:\/\/agervaenget.dk\/wp-content\/uploads\/2025\/12\/IMG_7418-768x512.jpg 768w, http:\/\/agervaenget.dk\/wp-content\/uploads\/2025\/12\/IMG_7418-1536x1024.jpg 1536w, http:\/\/agervaenget.dk\/wp-content\/uploads\/2025\/12\/IMG_7418-2048x1365.jpg 2048w\" sizes=\"(max-width: 1024px) 100vw, 1024px\" \/><\/figure>\n\n\n\n<figure class=\"wp-block-image size-large\"><img loading=\"lazy\" decoding=\"async\" width=\"1024\" height=\"683\" src=\"http:\/\/agervaenget.dk\/wp-content\/uploads\/2025\/12\/IMG_7417-1024x683.jpg\" alt=\"\" class=\"wp-image-426\" srcset=\"http:\/\/agervaenget.dk\/wp-content\/uploads\/2025\/12\/IMG_7417-1024x683.jpg 1024w, http:\/\/agervaenget.dk\/wp-content\/uploads\/2025\/12\/IMG_7417-300x200.jpg 300w, http:\/\/agervaenget.dk\/wp-content\/uploads\/2025\/12\/IMG_7417-768x512.jpg 768w, http:\/\/agervaenget.dk\/wp-content\/uploads\/2025\/12\/IMG_7417-1536x1024.jpg 1536w, http:\/\/agervaenget.dk\/wp-content\/uploads\/2025\/12\/IMG_7417-2048x1365.jpg 2048w\" sizes=\"(max-width: 1024px) 100vw, 1024px\" \/><\/figure>\n\n\n\n<figure class=\"wp-block-image size-large\"><img loading=\"lazy\" decoding=\"async\" width=\"683\" height=\"1024\" src=\"http:\/\/agervaenget.dk\/wp-content\/uploads\/2025\/12\/IMG_7416-683x1024.jpg\" alt=\"\" class=\"wp-image-435\" srcset=\"http:\/\/agervaenget.dk\/wp-content\/uploads\/2025\/12\/IMG_7416-683x1024.jpg 683w, http:\/\/agervaenget.dk\/wp-content\/uploads\/2025\/12\/IMG_7416-200x300.jpg 200w, http:\/\/agervaenget.dk\/wp-content\/uploads\/2025\/12\/IMG_7416-768x1152.jpg 768w, http:\/\/agervaenget.dk\/wp-content\/uploads\/2025\/12\/IMG_7416-1024x1536.jpg 1024w, http:\/\/agervaenget.dk\/wp-content\/uploads\/2025\/12\/IMG_7416-1365x2048.jpg 1365w, http:\/\/agervaenget.dk\/wp-content\/uploads\/2025\/12\/IMG_7416-scaled.jpg 1707w\" sizes=\"(max-width: 683px) 100vw, 683px\" \/><\/figure>\n\n\n\n<p><sup><mark style=\"background-color:rgba(0, 0, 0, 0);color:#000000\" class=\"has-inline-color\">Regstrup \u00c5 ved Gr\u00f8nne Hjerte\/Spejderne. <\/mark><\/sup><\/p>\n<\/div>\n\n\n\n<div class=\"wp-block-column is-layout-flow wp-block-column-is-layout-flow\" style=\"flex-basis:66.66%\">\n<p class=\"has-text-align-left\"><strong><mark style=\"background-color:rgba(0, 0, 0, 0);color:#000000\" class=\"has-inline-color\">Grundejerforeningen<\/mark><\/strong><\/p>\n\n\n\n<p class=\"has-text-align-left\"><a href=\"https:\/\/www.parcelhus.dk\/portal\/Tilbage%20til%20forside\/\">Parcelhusejernes Landsforening<\/a><\/p>\n\n\n\n<p class=\"has-text-align-left\"><strong><mark style=\"background-color:rgba(0, 0, 0, 0);color:#000000\" class=\"has-inline-color\">Lokalt<\/mark><\/strong><\/p>\n\n\n\n<p class=\"has-text-align-left\"><a href=\"https:\/\/lokalforumregstrup.dk\/\">Lokalforum Regstrup<\/a>                          <\/p>\n\n\n\n<p class=\"has-text-align-left\"><a href=\"https:\/\/holbaek.dk\/dit-lokalomraade\/de-18-lokalomraader\/regstrup\">Lokalomr\u00e5de Regstrup<\/a><\/p>\n\n\n\n<p class=\"has-text-align-left\"><a href=\"https:\/\/holbaek.dk\/dit-lokalomraade\/de-18-lokalomraader\/regstrup\/idraet-og-foreningsliv-i-regstrup\">Regstrup idr\u00e6ts- og foreningsliv <\/a><\/p>\n\n\n\n<p class=\"has-text-align-left\"><a href=\"https:\/\/sogn.dk\/noerrejernloese\" data-type=\"link\" data-id=\"https:\/\/sogn.dk\/noerrejernloese\">N\u00f8rre Jernl\u00f8se Sogn<\/a><\/p>\n\n\n\n<p class=\"has-text-align-left\"><a href=\"https:\/\/laegehusetregstrup.dk\/\" data-type=\"link\" data-id=\"https:\/\/laegehusetregstrup.dk\/\">L\u00e6gehuset Regstrup<\/a><\/p>\n\n\n\n<p class=\"has-text-align-left\"><strong><mark style=\"background-color:rgba(0, 0, 0, 0);color:#000000\" class=\"has-inline-color\">Statslig myndighed<\/mark><\/strong><\/p>\n\n\n\n<p><a href=\"https:\/\/www.brs.dk\/da\/redningsberedskab-myndighed\/krisestyring2-og-beredskabsplanlagning\/helhedsorienteret-beredskabsplanlagning\/\">Beredskabsstyrelsens beredskabsplanl\u00e6gning<\/a><\/p>\n\n\n\n<p><a href=\"https:\/\/www.tinglysning.dk\/tmv\/landingpage\">Tinglysning<\/a><\/p>\n\n\n\n<p><a href=\"https:\/\/www.retsinformation.dk\/eli\/lta\/2019\/363\">Hegnsloven<\/a><\/p>\n\n\n\n<p><mark style=\"background-color:rgba(0, 0, 0, 0);color:#000000\" class=\"has-inline-color\"><strong>Kommunalt<\/strong><\/mark><\/p>\n\n\n\n<p><a href=\"https:\/\/holbaek.dk\/\">Holb\u00e6k Kommune<\/a><\/p>\n\n\n\n<p><a href=\"https:\/\/lokalplaner.holbaek.dk\/find-lokalplan\/\">Holb\u00e6k Kommune &#8211; Lokalplaner<\/a><\/p>\n\n\n\n<p><a href=\"https:\/\/kort.holb.dk\/portal\/apps\/instant\/basic\/index.html?appid=52728a6e7bda44e288a5996f3127187f\">Oversigt over stats-, kommunalt- og privatejede veje<\/a><\/p>\n\n\n\n<p><a href=\"https:\/\/holbaek.dk\/service-og-selvbetjening\/teknik-og-miljoe\/trafik-og-veje\/veje-og-stier\/vedligeholdelse-af-veje\">Vedligeholdelse af veje, stier og fortove i Holb\u00e6k Kommune<\/a><\/p>\n\n\n\n<p><a href=\"https:\/\/holbaek.dk\/service-og-selvbetjening\/teknik-og-miljoe\/vand\/spildevand\/kommunen-eller-fors\">Spildevand og kloakker &#8211; Kommunen eller Fors?<\/a><\/p>\n\n\n\n<p class=\"has-text-align-left\"><a href=\"https:\/\/holbaek.dk\/nyheder-og-presse\/nyheder\/2024\/aug\/holbaek-borgertip-erstatter-giv-et-praj\">Holb\u00e6k Borgertip<\/a><\/p>\n<\/div>\n<\/div>\n\n\n\n<p><\/p>\n","protected":false},"excerpt":{"rendered":"<p>Regstrup \u00c5 ved Gr\u00f8nne Hjerte\/Spejderne. Grundejerforeningen Parcelhusejernes Landsforening Lokalt Lokalforum Regstrup Lokalomr\u00e5de Regstrup Regstrup idr\u00e6ts- og foreningsliv N\u00f8rre Jernl\u00f8se Sogn L\u00e6gehuset Regstrup Statslig myndighed Beredskabsstyrelsens beredskabsplanl\u00e6gning Tinglysning Hegnsloven Kommunalt Holb\u00e6k Kommune Holb\u00e6k Kommune &#8211; Lokalplaner Oversigt over stats-, kommunalt- og privatejede veje Vedligeholdelse af veje, stier og fortove i Holb\u00e6k Kommune Spildevand og kloakker &#8211; [&hellip;]<\/p>\n","protected":false},"author":3,"featured_media":0,"parent":0,"menu_order":0,"comment_status":"closed","ping_status":"closed","template":"","meta":{"ngg_post_thumbnail":0,"_themeisle_gutenberg_block_has_review":false,"footnotes":""},"class_list":["post-31","page","type-page","status-publish","hentry"],"_links":{"self":[{"href":"http:\/\/agervaenget.dk\/index.php\/wp-json\/wp\/v2\/pages\/31"}],"collection":[{"href":"http:\/\/agervaenget.dk\/index.php\/wp-json\/wp\/v2\/pages"}],"about":[{"href":"http:\/\/agervaenget.dk\/index.php\/wp-json\/wp\/v2\/types\/page"}],"author":[{"embeddable":true,"href":"http:\/\/agervaenget.dk\/index.php\/wp-json\/wp\/v2\/users\/3"}],"replies":[{"embeddable":true,"href":"http:\/\/agervaenget.dk\/index.php\/wp-json\/wp\/v2\/comments?post=31"}],"version-history":[{"count":11,"href":"http:\/\/agervaenget.dk\/index.php\/wp-json\/wp\/v2\/pages\/31\/revisions"}],"predecessor-version":[{"id":804,"href":"http:\/\/agervaenget.dk\/index.php\/wp-json\/wp\/v2\/pages\/31\/revisions\/804"}],"wp:attachment":[{"href":"http:\/\/agervaenget.dk\/index.php\/wp-json\/wp\/v2\/media?parent=31"}],"curies":[{"name":"wp","href":"https:\/\/api.w.org\/{rel}","templated":true}]}}