{"id":32,"date":"2024-09-30T12:03:56","date_gmt":"2024-09-30T12:03:56","guid":{"rendered":"http:\/\/agervaenget.dk\/?page_id=32"},"modified":"2026-02-26T13:56:06","modified_gmt":"2026-02-26T13:56:06","slug":"deklarationen","status":"publish","type":"page","link":"http:\/\/agervaenget.dk\/index.php\/deklarationen\/","title":{"rendered":"Regels\u00e6t"},"content":{"rendered":"\n<p><br><strong><mark style=\"background-color:rgba(0, 0, 0, 0);color:#000000\" class=\"has-inline-color\"><span style=\"text-decoration: underline;\">Deklaration<\/span><\/mark><\/strong><\/p>\n\n\n\n<p><mark style=\"background-color:rgba(0, 0, 0, 0);color:#000000\" class=\"has-inline-color\">Inden opf\u00f8relsen af grundejerforeningen udformede man, i 1969, deklarationen &#8211; <strong>en supplerende lovgivning<\/strong>, for foreningen\/omr\u00e5det, som angiver en r\u00e6kke s\u00e6rlige krav til bebyggelse, anvendelse, vedligeholdelse samt medlemspligt af foreningen mv.<strong> En deklaration er en supplerende lovgivning, som p\u00e5 mange m\u00e5der tilsides\u00e6tter g\u00e6ldende lovgivning<\/strong>. <\/mark><br><mark style=\"background-color:rgba(0, 0, 0, 0);color:#000000\" class=\"has-inline-color\">Foreningens deklaration behandler f\u00f8lgende omr\u00e5der:<\/mark><\/p>\n\n\n\n<div class=\"wp-block-columns is-layout-flex wp-container-core-columns-is-layout-1 wp-block-columns-is-layout-flex\">\n<div class=\"wp-block-column is-layout-flow wp-block-column-is-layout-flow\" style=\"flex-basis:66.66%\">\n<p class=\"has-black-color has-text-color has-link-color wp-elements-03bd2b0c3ae8007ada6d95cc2f09386b\">1.  Udstykningsomr\u00e5det<br>2. Omr\u00e5dets udstykning og anvendelse<br>3. Veje<br>    &#8211; Oversigtsarealer<br>    &#8211; Byggelinier<br>4. Stier og f\u00e6llesarealer<br>    &#8211; Parkeringsplads<br>5. Haver, beplantning og hegn<br>    &#8211; Parkeringsplads<br>6. Ren- og vedligeholdelse<br>7. Ordensbestemmelser<br>8. Grundejerforeningen<br>9. Bebyggelse<br>    a. Stuegulv<br>    b. Bygningsh\u00f8jde<br>    c. Tagh\u00e6ldning<br>    d. Farver<br>    e. Kloakering og k\u00e6lder<br>    f. Byggelinier<br>    g. Stik og indf\u00f8ring<br>    h. Anvendelse, herunder bl.a. erhverv.<br>    i. Byggeans\u00f8gning<br>10. P\u00e5taleret og tinglysning<\/p>\n<\/div>\n\n\n\n<div class=\"wp-block-column is-layout-flow wp-block-column-is-layout-flow\" style=\"flex-basis:33.33%\">\n<figure class=\"wp-block-image size-large\"><img loading=\"lazy\" decoding=\"async\" width=\"455\" height=\"1024\" src=\"http:\/\/agervaenget.dk\/wp-content\/uploads\/2026\/02\/IMG_7361-edited-1-455x1024.jpg\" alt=\"\" class=\"wp-image-904\" srcset=\"http:\/\/agervaenget.dk\/wp-content\/uploads\/2026\/02\/IMG_7361-edited-1-455x1024.jpg 455w, http:\/\/agervaenget.dk\/wp-content\/uploads\/2026\/02\/IMG_7361-edited-1-133x300.jpg 133w, http:\/\/agervaenget.dk\/wp-content\/uploads\/2026\/02\/IMG_7361-edited-1-768x1727.jpg 768w, http:\/\/agervaenget.dk\/wp-content\/uploads\/2026\/02\/IMG_7361-edited-1-683x1536.jpg 683w, http:\/\/agervaenget.dk\/wp-content\/uploads\/2026\/02\/IMG_7361-edited-1-911x2048.jpg 911w, http:\/\/agervaenget.dk\/wp-content\/uploads\/2026\/02\/IMG_7361-edited-1-scaled.jpg 1138w\" sizes=\"(max-width: 455px) 100vw, 455px\" \/><\/figure>\n<\/div>\n<\/div>\n\n\n\n<div class=\"wp-block-columns is-layout-flex wp-container-core-columns-is-layout-2 wp-block-columns-is-layout-flex\">\n<div class=\"wp-block-column is-layout-flow wp-block-column-is-layout-flow\">\n<p class=\"has-black-color has-text-color has-link-color wp-elements-9ac00cf961d1ea846fe5a532228b76c6\"><\/p>\n<\/div>\n<\/div>\n\n\n\n<p><mark style=\"background-color:rgba(0, 0, 0, 0);color:#000000\" class=\"has-inline-color\">Mange holdninger, \u00f8nsker og almene principper har \u00e6ndret sig, siden deklarationen blev tinglyst. <\/mark><br><mark style=\"background-color:rgba(0, 0, 0, 0);color:#000000\" class=\"has-inline-color\">Den er grundl\u00e6ggende u\u00e6ndret, men dog forsat en <strong>v\u00e6sentlig lovgivning, som parcelejerne skal forholde sig til.<\/strong><\/mark><\/p>\n\n\n\n<p><strong><mark style=\"background-color:rgba(0, 0, 0, 0);color:#000000\" class=\"has-inline-color\">Det er kommunen der er myndighed, hvis man skal s\u00f8ge om dispensation for kravene i deklarationen.<\/mark><\/strong><mark style=\"background-color:rgba(0, 0, 0, 0);color:#000000\" class=\"has-inline-color\"> <br>Hvis der er tale om principielle sager, h\u00f8res grundejerforeningen i sagen, men, det er erfaringen, at kommunen generelt fors\u00f8ger at f\u00f8lge grundejerforeningens indstillinger.<\/mark><\/p>\n\n\n\n<p><mark style=\"background-color:rgba(0, 0, 0, 0);color:#000000\" class=\"has-inline-color\">Deklarationen kan hentes&nbsp;<\/mark><mark style=\"background-color:rgba(0, 0, 0, 0)\" class=\"has-inline-color has-contrast-color\"><a href=\"http:\/\/agervaenget.dk\/index.php\/dokument-database\/\" data-type=\"page\" data-id=\"366\">her<\/a><\/mark>.<\/p>\n\n\n\n<p><strong><mark style=\"background-color:rgba(0, 0, 0, 0);color:#000000\" class=\"has-inline-color\"><span style=\"text-decoration: underline;\">Vedt\u00e6gter<\/span><\/mark><\/strong><\/p>\n\n\n\n<p><mark style=\"background-color:rgba(0, 0, 0, 0);color:#000000\" class=\"has-inline-color\">Vedt\u00e6gter er et formelt, juridisk bindende regels\u00e6t og fungerer som foreningens &#8220;grundlov&#8221;. De fastl\u00e6gger de interne rammer for alt fra drift, form\u00e5l, ledelsesstruktur, beslutningsprocesser til tegningsregler mv. <\/mark><\/p>\n\n\n\n<p><mark style=\"background-color:rgba(0, 0, 0, 0);color:#000000\" class=\"has-inline-color\">Grundejerforeningens love blev f\u00f8rste gang vedtaget p\u00e5 den stiftende generalforsamling i 1970, og efterf\u00f8lgende godkendt af kommunalbestyrelsen.<\/mark> <mark style=\"background-color:rgba(0, 0, 0, 0);color:#000000\" class=\"has-inline-color\">De&nbsp;har v\u00e6ret revideret 7 gange siden.<\/mark><\/p>\n\n\n\n<p><mark style=\"background-color:rgba(0, 0, 0, 0);color:#000000\" class=\"has-inline-color\">Hent de g\u00e6ldende vedt\u00e6gter for&nbsp;grundejerforeninge<\/mark>n<strong>&nbsp;<\/strong><a href=\"https:\/\/www.agervaenget.dk\/wp-content\/uploads\/2016\/05\/Vedt%C3%A6gter-GF-Agerv%C3%A6nget-2016.pdf\">her<\/a>.<\/p>\n\n\n\n<p><strong><mark style=\"background-color:rgba(0, 0, 0, 0);color:#000000\" class=\"has-inline-color\"><span style=\"text-decoration: underline;\">Forvaltningsbestemmelse\/ordensregler<\/span><\/mark><\/strong><\/p>\n\n\n\n<p><mark style=\"background-color:rgba(0, 0, 0, 0);color:#000000\" class=\"has-inline-color\">P\u00e5 den ordin\u00e6re generalforsamling, i 2005, blev vedtaget et s\u00e6t forvaltningsbestemmelser for grundejerforeningen. <\/mark><\/p>\n\n\n\n<p><mark style=\"background-color:rgba(0, 0, 0, 0);color:#000000\" class=\"has-inline-color\"><strong>Forvaltningsbestemmelserne vedr\u00f8rer den praktiske forvaltning af deklarationen<\/strong>, herunder parkering p\u00e5 veje, stier og f\u00e6llesarealer, haver, beplantning og hegn samt (anvendelse af) bebyggelse <strong>og fungerer som retningslinjer for foreningens bestyrelse samt medlemmer<\/strong>.<\/mark><\/p>\n\n\n\n<p><mark style=\"background-color:rgba(0, 0, 0, 0);color:#000000\" class=\"has-inline-color\"><strong>Forvaltningsbestemmelserne kan dog ikke tilsides\u00e6tte foreningens love, deklarationen for omr\u00e5det eller anden lovgivning.<\/strong> <\/mark><\/p>\n\n\n\n<p><mark style=\"background-color:rgba(0, 0, 0, 0);color:#000000\" class=\"has-inline-color\">Hent forvaltningsbestemmelserne som vedtaget af generalforsamlingen <\/mark><a href=\"http:\/\/agervaenget.dk\/wp-content\/uploads\/2024\/09\/Forvaltningsbestemmelser-for-deklaration.pdf\">her<\/a>.<\/p>\n\n\n\n<p><mark style=\"background-color:rgba(0, 0, 0, 0);color:#000000\" class=\"has-inline-color\"><em>Bem\u00e6rk! Du skal have installeret Adobe Reader, for at kunne l\u00e6se dokumenterne.<\/em><\/mark><\/p>\n\n\n\n<p><\/p>\n\n\n\n<p><\/p>\n\n\n\n<p><\/p>\n","protected":false},"excerpt":{"rendered":"<p>Deklaration Inden opf\u00f8relsen af grundejerforeningen udformede man, i 1969, deklarationen &#8211; en supplerende lovgivning, for foreningen\/omr\u00e5det, som angiver en r\u00e6kke s\u00e6rlige krav til bebyggelse, anvendelse, vedligeholdelse samt medlemspligt af foreningen mv. En deklaration er en supplerende lovgivning, som p\u00e5 mange m\u00e5der tilsides\u00e6tter g\u00e6ldende lovgivning. Foreningens deklaration behandler f\u00f8lgende omr\u00e5der: 1. Udstykningsomr\u00e5det2. Omr\u00e5dets udstykning og anvendelse3. [&hellip;]<\/p>\n","protected":false},"author":3,"featured_media":0,"parent":0,"menu_order":0,"comment_status":"closed","ping_status":"closed","template":"","meta":{"ngg_post_thumbnail":0,"_themeisle_gutenberg_block_has_review":false,"footnotes":""},"class_list":["post-32","page","type-page","status-publish","hentry"],"_links":{"self":[{"href":"http:\/\/agervaenget.dk\/index.php\/wp-json\/wp\/v2\/pages\/32"}],"collection":[{"href":"http:\/\/agervaenget.dk\/index.php\/wp-json\/wp\/v2\/pages"}],"about":[{"href":"http:\/\/agervaenget.dk\/index.php\/wp-json\/wp\/v2\/types\/page"}],"author":[{"embeddable":true,"href":"http:\/\/agervaenget.dk\/index.php\/wp-json\/wp\/v2\/users\/3"}],"replies":[{"embeddable":true,"href":"http:\/\/agervaenget.dk\/index.php\/wp-json\/wp\/v2\/comments?post=32"}],"version-history":[{"count":18,"href":"http:\/\/agervaenget.dk\/index.php\/wp-json\/wp\/v2\/pages\/32\/revisions"}],"predecessor-version":[{"id":1010,"href":"http:\/\/agervaenget.dk\/index.php\/wp-json\/wp\/v2\/pages\/32\/revisions\/1010"}],"wp:attachment":[{"href":"http:\/\/agervaenget.dk\/index.php\/wp-json\/wp\/v2\/media?parent=32"}],"curies":[{"name":"wp","href":"https:\/\/api.w.org\/{rel}","templated":true}]}}