{"id":336,"date":"2025-12-25T11:59:00","date_gmt":"2025-12-25T11:59:00","guid":{"rendered":"http:\/\/agervaenget.dk\/?page_id=336"},"modified":"2026-03-03T19:01:29","modified_gmt":"2026-03-03T19:01:29","slug":"vedligehold","status":"publish","type":"page","link":"http:\/\/agervaenget.dk\/index.php\/vedligehold\/","title":{"rendered":"Snerydningspligt"},"content":{"rendered":"\n<div class=\"wp-block-columns is-layout-flex wp-container-core-columns-is-layout-1 wp-block-columns-is-layout-flex\">\n<div class=\"wp-block-column is-layout-flow wp-block-column-is-layout-flow\" style=\"flex-basis:33.33%\">\n<figure class=\"wp-block-image size-large is-resized\"><img loading=\"lazy\" decoding=\"async\" width=\"472\" height=\"1024\" src=\"http:\/\/agervaenget.dk\/wp-content\/uploads\/2026\/02\/snerydning-472x1024.jpg\" alt=\"\" class=\"wp-image-818\" style=\"width:245px;height:auto\" srcset=\"http:\/\/agervaenget.dk\/wp-content\/uploads\/2026\/02\/snerydning-472x1024.jpg 472w, http:\/\/agervaenget.dk\/wp-content\/uploads\/2026\/02\/snerydning-138x300.jpg 138w, http:\/\/agervaenget.dk\/wp-content\/uploads\/2026\/02\/snerydning-768x1666.jpg 768w, http:\/\/agervaenget.dk\/wp-content\/uploads\/2026\/02\/snerydning-708x1536.jpg 708w, http:\/\/agervaenget.dk\/wp-content\/uploads\/2026\/02\/snerydning-944x2048.jpg 944w, http:\/\/agervaenget.dk\/wp-content\/uploads\/2026\/02\/snerydning-scaled.jpg 1180w\" sizes=\"(max-width: 472px) 100vw, 472px\" \/><\/figure>\n<\/div>\n\n\n\n<div class=\"wp-block-column is-layout-flow wp-block-column-is-layout-flow\" style=\"flex-basis:66.66%\">\n<p><mark style=\"background-color:rgba(0, 0, 0, 0);color:#000000\" class=\"has-inline-color\">\u00c9t af (for)m\u00e5lene i bestyrelsen er, i henhold til foreningens love\/vedt\u00e6gter, at sikre en rimelig snerydning samt glatf\u00f8re-bek\u00e6mpelse (saltning\/grusning) af f\u00e6rdselsomr\u00e5derne i foreningens omr\u00e5de.<\/mark> <br><mark style=\"background-color:rgba(0, 0, 0, 0);color:#000000\" class=\"has-inline-color\">Snerydningspligten omkring parcellerne er, i henhold til lov om vintervedligeholdelse og renholdelse af veje, et f\u00e6lles ansvar mellem kommunerne, den enkelte parcelejer og foreningen. <br><\/mark><br><mark style=\"background-color:rgba(0, 0, 0, 0);color:#000000\" class=\"has-inline-color\">Der er omr\u00e5der p\u00e5 <span style=\"text-decoration: underline;\">foreningens f\u00e6llesarealer (f\u00e6llesstierne), hvor snerydningspligt og glatf\u00f8rebek\u00e6mpelse henh\u00f8rer under foreningen<\/span>, uagtet beskrivelsen herom i deklarationen. Det begrundes i deklarationens formuleringer og g\u00e6ldende retspraksis p\u00e5 omr\u00e5det.<\/mark><br><br><strong><mark style=\"background-color:rgba(0, 0, 0, 0);color:#000000\" class=\"has-inline-color\"><span style=\"text-decoration: underline;\">Retspraksis og lovgivning<\/span><\/mark><\/strong><\/p>\n\n\n\n<p class=\"has-black-color has-text-color has-link-color wp-elements-2c1aed3624ce9c6f3e07dcc4a58e28fa\">Holb\u00e6k Kommunes Vej- og Renholdelsesregulativ samt <mark style=\"background-color:rgba(0, 0, 0, 0);color:#000000\" class=\"has-inline-color\">\u00a764 og \u00a766 i Vejloven foreskriver at <span style=\"text-decoration: underline;\">bolig- og grundejere i Danmark har lovm\u00e6ssig pligt til at rydde sne og bek\u00e6mpe glatf\u00f8re (salte\/gruse efterf\u00f8lgende) p\u00e5 fortov\/sti der st\u00f8der op til deres bolig<\/span>. <\/mark><\/p>\n<\/div>\n<\/div>\n\n\n\n<p style=\"font-style:normal;font-weight:400\"><strong><mark style=\"background-color:rgba(0, 0, 0, 0);color:#000000\" class=\"has-inline-color\"><span style=\"text-decoration: underline;\">Parcel- og grundejers<\/span><\/mark><\/strong><mark style=\"background-color:rgba(0, 0, 0, 0);color:#000000\" class=\"has-inline-color\"><strong><span style=\"text-decoration: underline;\"> pligt(er)<\/span><\/strong><\/mark><\/p>\n\n\n\n<p class=\"has-black-color has-text-color has-link-color wp-elements-dbdc2dbc98e544a1ab28a0550c54c299\" style=\"font-style:normal;font-weight:400\"><mark style=\"background-color:rgba(0, 0, 0, 0);color:#000000\" class=\"has-inline-color\"><strong>Pligten indeb\u00e6rer: <\/strong><\/mark><br><span style=\"text-decoration: underline;\">Snerydning og glatf\u00f8rebek\u00e6mpelse (saltning\/grusning)<\/span> snarest muligt, efter snefald.<br><span style=\"text-decoration: underline;\">B<mark style=\"background-color:rgba(0, 0, 0, 0);color:#000000\" class=\"has-inline-color\">oligejer forventes selv at s\u00f8rge for at f\u00e5 nogen til at varetage dette, n\u00e5r denne ikke selv kan\/er hjemme. <\/mark><\/span><\/p>\n\n\n\n<p class=\"has-black-color has-text-color has-link-color wp-elements-e2f4fce5e8eb53a1a0a80e42bdb42515\" style=\"font-style:normal;font-weight:400\"><strong>Hvor?<\/strong><br><mark style=\"background-color:rgba(0, 0, 0, 0);color:#000000\" class=\"has-inline-color\">&#8211; p\u00e5 <span style=\"text-decoration: underline;\">fortove og stier<\/span> samt ind- og udgange, omkring din grund.<\/mark><br>&#8211; <span style=\"text-decoration: underline;\">til boligens adgangsd\u00f8r(e)<\/span> &#8211; hvis der er er trapper til d\u00f8ren, skal disse ogs\u00e5 ryddes og glatf\u00f8rebek\u00e6mpes. <br>&#8211; <span style=\"text-decoration: underline;\">til og omkring affaldsspande og postkasse<\/span>. <br>&#8211; <span style=\"text-decoration: underline;\">p\u00e5 omr\u00e5de omkring brandhaner, brand- og politialarmskabe samt installationer til trafikregulering<\/span> jf.  <br>   Vejlovens \u00a766 stk. 2.<\/p>\n\n\n\n<p class=\"has-black-color has-text-color has-link-color wp-elements-70d5f3977d6cbc8cc43a84ba46a33e8b\"><strong>Hvorn\u00e5r?<\/strong><br><mark style=\"background-color:rgba(0, 0, 0, 0);color:#000000\" class=\"has-inline-color\">&#8211; at have det klaret <span style=\"text-decoration: underline;\">inden man tager hjemmefra<\/span> og, om n\u00f8dvendigt, <span style=\"text-decoration: underline;\">n\u00e5r man kommer hjem igen<\/span>.<\/mark><br><mark style=\"background-color:rgba(0, 0, 0, 0);color:#000000\" class=\"has-inline-color\">&#8211; Man forventes ikke at tage hjem fra en begivenhed\/arbejde, hvis sneen falder h\u00e9r, for at rydde sne, men:<\/mark><br><em><mark style=\"background-color:rgba(0, 0, 0, 0);color:#000000\" class=\"has-inline-color\">   fra<\/mark><\/em> <mark style=\"background-color:rgba(0, 0, 0, 0);color:#000000\" class=\"has-inline-color\"><span style=\"text-decoration: underline;\">mandag til l\u00f8rdag<em> forventes det, at der <strong>er<\/strong> ryddet for sne mellem kl. 7 og kl. 22<\/em><\/span><\/mark>, <br><em><mark style=\"background-color:rgba(0, 0, 0, 0);color:#000000\" class=\"has-inline-color\">   og om <\/mark><\/em><mark style=\"background-color:rgba(0, 0, 0, 0);color:#000000\" class=\"has-inline-color\"><span style=\"text-decoration: underline;\">s\u00f8ndagen<\/span><\/mark><em><span style=\"text-decoration: underline;\"><mark style=\"background-color:rgba(0, 0, 0, 0);color:#000000\" class=\"has-inline-color\"> forventes det, at der <strong>er<\/strong> ryddet for sne mellem kl. 8 og kl. 22<\/mark><\/span><mark style=\"background-color:rgba(0, 0, 0, 0);color:#000000\" class=\"has-inline-color\">.<\/mark><\/em><\/p>\n\n\n\n<p class=\"has-black-color has-text-color has-link-color wp-elements-2fb33b37766ed60f3e05dd5892b76b28\"><strong>Kommunal vej<\/strong><br><span style=\"text-decoration: underline;\">Agerv\u00e6nget er en kommunal vej. P<mark style=\"background-color:rgba(0, 0, 0, 0);color:#000000\" class=\"has-inline-color\">arcel-\/husejerne er derfor ikke p\u00e5lagt rydningspligt p\u00e5 vejen\/k\u00f8rebanen<\/mark><\/span><mark style=\"background-color:rgba(0, 0, 0, 0);color:#000000\" class=\"has-inline-color\">.  <\/mark><br><em><mark style=\"background-color:rgba(0, 0, 0, 0);color:#000000\" class=\"has-inline-color\">Holb\u00e6k Kommune har en prioriteret r\u00e6kkef\u00f8lge, hvorved de forventer at ville foretage rydning af vejene i omr\u00e5det. <\/mark>Kommunens veje er inddelt i Vintervej- og stiklasser, der har betydning for hvorn\u00e5r og i hvilken r\u00e6kkef\u00f8lge, de bliver ryddet. L\u00e6s mere under servicem\u00e5l i regulativet <a href=\"https:\/\/kort.holb.dk\/portal\/apps\/instant\/basic\/index.html?appid=6e0f8849b369467994deee399665d267\">her<\/a>. <\/em><\/p>\n\n\n\n<p class=\"has-black-color has-text-color has-link-color wp-elements-a53d66c32320ae866375a84727342b61\"><strong>Privat F\u00e6llesvej<\/strong><br>Bor man forenden af en l\u00e6ngere indk\u00f8rsel med adgang til to eller flere boliger, klassificeres dette som en <span style=\"text-decoration: underline;\">privat f\u00e6llesvej<\/span>. H\u00e9r <span style=\"text-decoration: underline;\">har man pligt til at snerydde og glatf\u00f8rebek\u00e6mpe denne vej\/k\u00f8rebane<\/span> \u2013 dog kun ud <span style=\"text-decoration: underline;\">til\u00a0midten<\/span>, da husejeren ved siden af har ansvaret for den anden halvdel.<br><br><strong>Flere adgange til grunden<\/strong><br><mark style=\"background-color:rgba(0, 0, 0, 0);color:#000000\" class=\"has-inline-color\"><span style=\"text-decoration: underline;\">Hvis dit hus har ind- eller udk\u00f8rsel\/anden adgang til mere end \u00e9n vej, har du pligt til at rydde sne samt gruse\/salte dit fortov begge steder<\/span>.<\/mark><\/p>\n\n\n\n<div class=\"wp-block-file\"><a id=\"wp-block-file--media-59caa5de-b3aa-4c24-a82e-3477924110dc\" href=\"http:\/\/agervaenget.dk\/wp-content\/uploads\/2026\/02\/Vintervedligehold-PL_page-0001-1.jpg\">Hent samlet dokument og oversigts-tegning om vintervedligehold fra Parcelhusejernes Landsforening<\/a><a href=\"http:\/\/agervaenget.dk\/wp-content\/uploads\/2026\/02\/Vintervedligehold-PL_page-0001-1.jpg\" class=\"wp-block-file__button wp-element-button\" download aria-describedby=\"wp-block-file--media-59caa5de-b3aa-4c24-a82e-3477924110dc\">Download<\/a><\/div>\n\n\n\n<p class=\"has-black-color has-text-color has-link-color wp-elements-4d4ba54927fe570aa40b0bf3e27705fc\"><span style=\"text-decoration: underline;\"><strong>Affald og post<\/strong><\/span><\/p>\n\n\n\n<p class=\"has-black-color has-text-color has-link-color wp-elements-c75d6ef7613f14faa2e3d420c9bea871\"><mark style=\"background-color:rgba(0, 0, 0, 0);color:#000000\" class=\"has-inline-color\">V\u00e6r opm\u00e6rksom p\u00e5: <\/mark><br>B\u00e5de post- og renovationsselskab <strong>m\u00e5, og kan<\/strong>, n\u00e6gte at aflevere post\/hente dit affald, hvis der ikke er ryddet ordentligt til og omkring hhv. affaldsspande og postkasse samt hvis der ikke er lavet en farbar og sikker gangsti til hovedd\u00f8ren.<\/p>\n\n\n\n<p class=\"has-black-color has-text-color has-link-color wp-elements-00d34a9bfdf51e74d93825ad02fb320d\"><strong><span style=\"text-decoration: underline;\">Skader og forsikring ved mislighold<\/span><\/strong><\/p>\n\n\n\n<p class=\"has-black-color has-text-color has-link-color wp-elements-962eee8b9169077b66473f85b31c5d58\">Glider nogen (fodg\u00e6ngere, g\u00e6ster, renovationsfolk, postbuddet, hjemmehj\u00e6lpen eller lign.) og kommer til skade, fordi der ikke er\/har v\u00e6ret passende snerydning og glatf\u00f8rebek\u00e6mpelse, kan den tilskadekommende rejse erstatningskrav mod den parcel-\/grundejer, der har fors\u00f8mt sin rydningspligt. <br><mark style=\"background-color:rgba(0, 0, 0, 0);color:#000000\" class=\"has-inline-color\"><span style=\"text-decoration: underline;\">Kommer nogen til skade, fordi du ikke har ryddet sne p\u00e5 dit omr\u00e5de, kan det derfor, desv\u00e6rre, godt g\u00e5 hen og blive en bekostelig aff\u00e6re \u2013 for dig.<\/span><\/mark><\/p>\n\n\n\n<p class=\"has-black-color has-text-color has-link-color wp-elements-9ee1e1b8b9a7ceea8f7ec0b36b83153b\"><strong><span style=\"text-decoration: underline;\">Tag samt vis hensyn til andre<\/span><\/strong><\/p>\n\n\n\n<p class=\"has-black-color has-text-color has-link-color wp-elements-c0ba9665563cf36b5664b303cccd49d3\"><mark style=\"background-color:rgba(0, 0, 0, 0);color:#000000\" class=\"has-inline-color\">I foreningen bor mange \u00e6ldre, gangbesv\u00e6rede, handicappede og\/eller syge mennesker der f\u00e5r (flere) daglige bes\u00f8g af hjemmeplejen. <\/mark><br><mark style=\"background-color:rgba(0, 0, 0, 0);color:#000000\" class=\"has-inline-color\">Desuden bor her en del med mindre b\u00f8rn og her er flere dagplejere, der g\u00e5r ture i omr\u00e5det. <\/mark><br><mark style=\"background-color:rgba(0, 0, 0, 0);color:#000000\" class=\"has-inline-color\">Rollatorer, k\u00f8restole, klapvogne, barnevogn o.lign skal kunne komme rundt. <\/mark><br><strong><mark style=\"background-color:rgba(0, 0, 0, 0);color:#f60808\" class=\"has-inline-color\">Hav omsorg for dine naboer &#8211; s\u00f8rg for at omr\u00e5det er farbart for alle!<\/mark><\/strong><\/p>\n\n\n\n<p><strong><mark style=\"background-color:rgba(0, 0, 0, 0);color:#000000\" class=\"has-inline-color\"><span style=\"text-decoration: underline;\">Sp\u00f8rgsm\u00e5l<\/span><\/mark><\/strong><\/p>\n\n\n\n<p><mark style=\"background-color:rgba(0, 0, 0, 0);color:#000000\" class=\"has-inline-color\">Har du sp\u00f8rgsm\u00e5l til snerydningspligten, kan du henvende dig til den f\u00e6llesarealansvarlige via bestyrelsens officielle e-mail.<\/mark> <mark style=\"background-color:rgba(0, 0, 0, 0);color:#000000\" class=\"has-inline-color\">M\u00e6rk emnelinjen &#8220;Snerydning&#8221;. <\/mark><\/p>\n\n\n\n<p><mark style=\"background-color:rgba(0, 0, 0, 0);color:#080808\" class=\"has-inline-color\">L\u00e6s evt. mere om emnet <a href=\"https:\/\/holbaek.dk\/service-og-selvbetjening\/teknik-og-miljoe\/trafik-og-veje\/veje-og-stier\/snerydning-og-saltning\">her<\/a>:<\/mark> <\/p>\n\n\n\n<p><\/p>\n","protected":false},"excerpt":{"rendered":"<p>\u00c9t af (for)m\u00e5lene i bestyrelsen er, i henhold til foreningens love\/vedt\u00e6gter, at sikre en rimelig snerydning samt glatf\u00f8re-bek\u00e6mpelse (saltning\/grusning) af f\u00e6rdselsomr\u00e5derne i foreningens omr\u00e5de. Snerydningspligten omkring parcellerne er, i henhold til lov om vintervedligeholdelse og renholdelse af veje, et f\u00e6lles ansvar mellem kommunerne, den enkelte parcelejer og foreningen. Der er omr\u00e5der p\u00e5 foreningens f\u00e6llesarealer (f\u00e6llesstierne), [&hellip;]<\/p>\n","protected":false},"author":3,"featured_media":0,"parent":0,"menu_order":0,"comment_status":"closed","ping_status":"closed","template":"","meta":{"ngg_post_thumbnail":0,"_themeisle_gutenberg_block_has_review":false,"footnotes":""},"class_list":["post-336","page","type-page","status-publish","hentry"],"_links":{"self":[{"href":"http:\/\/agervaenget.dk\/index.php\/wp-json\/wp\/v2\/pages\/336"}],"collection":[{"href":"http:\/\/agervaenget.dk\/index.php\/wp-json\/wp\/v2\/pages"}],"about":[{"href":"http:\/\/agervaenget.dk\/index.php\/wp-json\/wp\/v2\/types\/page"}],"author":[{"embeddable":true,"href":"http:\/\/agervaenget.dk\/index.php\/wp-json\/wp\/v2\/users\/3"}],"replies":[{"embeddable":true,"href":"http:\/\/agervaenget.dk\/index.php\/wp-json\/wp\/v2\/comments?post=336"}],"version-history":[{"count":22,"href":"http:\/\/agervaenget.dk\/index.php\/wp-json\/wp\/v2\/pages\/336\/revisions"}],"predecessor-version":[{"id":1022,"href":"http:\/\/agervaenget.dk\/index.php\/wp-json\/wp\/v2\/pages\/336\/revisions\/1022"}],"wp:attachment":[{"href":"http:\/\/agervaenget.dk\/index.php\/wp-json\/wp\/v2\/media?parent=336"}],"curies":[{"name":"wp","href":"https:\/\/api.w.org\/{rel}","templated":true}]}}