{"id":340,"date":"2025-12-25T11:58:20","date_gmt":"2025-12-25T11:58:20","guid":{"rendered":"http:\/\/agervaenget.dk\/?page_id=340"},"modified":"2026-02-16T13:48:15","modified_gmt":"2026-02-16T13:48:15","slug":"gdpr-og-privatlivspolitik","status":"publish","type":"page","link":"http:\/\/agervaenget.dk\/index.php\/gdpr-og-privatlivspolitik\/","title":{"rendered":"Persondatapolitik"},"content":{"rendered":"\n<p class=\"has-black-color has-text-color has-link-color wp-elements-59e5b6a720d6476e5a8483da9f9cbe19\"><strong>Er det et krav at man har en privatlivspolitik, f.eks. i en grundejerforening?<\/strong><\/p>\n\n\n\n<p class=\"has-black-color has-text-color has-link-color wp-elements-0fc819601cd3a2d64e3357da179e8ed0\">Nej, det er det ikke, men det er en god id\u00e9, som Datatilsynet anbefaler. <br>Databeskyttelseslovgivningen stiller en r\u00e6kke krav i fht. personoplysninger, interne retningslinjer og ansvar, n\u00e5r det kommer til foreningens egen behandling af personoplysninger. <br>Desuden er det et godt v\u00e6rkt\u00f8j, at have en persondatapolitik, for at kunne oplyse b\u00e5de omverdenen, foreningens medlemmer og bestyrelsen om, hvordan man tilrettel\u00e6gger behandlingen af personoplysninger.<\/p>\n\n\n\n<p class=\"has-black-color has-text-color has-link-color wp-elements-b55669d29d3eebb982e75404aad104b7\"><strong>Foreningen m\u00e5 vel kun bruge mine oplysninger, hvis jeg tillader det?<\/strong><\/p>\n\n\n\n<p class=\"has-black-color has-text-color has-link-color wp-elements-410d512d672180699a533a4a13918847\">Nej, s\u00e5dan h\u00e6nger det ikke helt sammen. Samtykke er et af flere retlige grundlag, for at kunne behandle personoplysninger. Grundlaget hertil kan bl.a. v\u00e6re, hvis man indg\u00e5r en kontrakt <strong>eller<\/strong> laver en retlig forpligtelse til\/med andre.<\/p>\n\n\n\n<p class=\"has-black-color has-text-color has-link-color wp-elements-16e8e7a5083aa637c3af08990be299f4\"><strong>Jamen, er foreningen s\u00e5 ikke hverken databehandler eller -ansvarlig?<\/strong><\/p>\n\n\n\n<p class=\"has-black-color has-text-color has-link-color wp-elements-5622c336478ec752530b65bf92e74edf\">Jo, d\u00e9t er den. I det \u00f8jeblik man har ansatte\/frivillige eller medlemmer, <strong>og<\/strong> man ligger inde med oplysninger om disse, er man b\u00e5de ansvarlig for deres data og behandlingen heraf.<\/p>\n\n\n\n<p class=\"has-black-color has-text-color has-link-color wp-elements-f83e017d1bd606024709c5b4f56e1d38\"><strong>Er det ikke kun foreningen, der skal forholde sig til reglerne<\/strong>?<\/p>\n\n\n\n<p class=\"has-black-color has-text-color has-link-color wp-elements-45618faf8444cfac0e030efe1033203e\">Nej, som grundejer\/borger, <strong>skal du ogs\u00e5<\/strong> forholde dig til det &#8211; det er jo dine oplysninger, som er hele omdrejningspunktet for GDPR reglerne. Selvom du &#8220;kun&#8221; er grundejer\/borger og har f\u00e6rre forpligtelser end f.eks. foreningen har, s\u00e5 har du stadig en del vigtige rettigheder, som du kan l\u00e6se p\u00e5 Datatilsynets <a href=\"https:\/\/www.datatilsynet.dk\/\">hjemmeside<\/a>.<\/p>\n\n\n\n<p><\/p>\n","protected":false},"excerpt":{"rendered":"<p>Er det et krav at man har en privatlivspolitik, f.eks. i en grundejerforening? Nej, det er det ikke, men det er en god id\u00e9, som Datatilsynet anbefaler. Databeskyttelseslovgivningen stiller en r\u00e6kke krav i fht. personoplysninger, interne retningslinjer og ansvar, n\u00e5r det kommer til foreningens egen behandling af personoplysninger. Desuden er det et godt v\u00e6rkt\u00f8j, at [&hellip;]<\/p>\n","protected":false},"author":3,"featured_media":0,"parent":0,"menu_order":0,"comment_status":"closed","ping_status":"closed","template":"","meta":{"ngg_post_thumbnail":0,"_themeisle_gutenberg_block_has_review":false,"footnotes":""},"class_list":["post-340","page","type-page","status-publish","hentry"],"_links":{"self":[{"href":"http:\/\/agervaenget.dk\/index.php\/wp-json\/wp\/v2\/pages\/340"}],"collection":[{"href":"http:\/\/agervaenget.dk\/index.php\/wp-json\/wp\/v2\/pages"}],"about":[{"href":"http:\/\/agervaenget.dk\/index.php\/wp-json\/wp\/v2\/types\/page"}],"author":[{"embeddable":true,"href":"http:\/\/agervaenget.dk\/index.php\/wp-json\/wp\/v2\/users\/3"}],"replies":[{"embeddable":true,"href":"http:\/\/agervaenget.dk\/index.php\/wp-json\/wp\/v2\/comments?post=340"}],"version-history":[{"count":9,"href":"http:\/\/agervaenget.dk\/index.php\/wp-json\/wp\/v2\/pages\/340\/revisions"}],"predecessor-version":[{"id":934,"href":"http:\/\/agervaenget.dk\/index.php\/wp-json\/wp\/v2\/pages\/340\/revisions\/934"}],"wp:attachment":[{"href":"http:\/\/agervaenget.dk\/index.php\/wp-json\/wp\/v2\/media?parent=340"}],"curies":[{"name":"wp","href":"https:\/\/api.w.org\/{rel}","templated":true}]}}