{"id":348,"date":"2025-12-25T11:58:41","date_gmt":"2025-12-25T11:58:41","guid":{"rendered":"http:\/\/agervaenget.dk\/?page_id=348"},"modified":"2026-03-03T19:02:02","modified_gmt":"2026-03-03T19:02:02","slug":"opgaver","status":"publish","type":"page","link":"http:\/\/agervaenget.dk\/index.php\/opgaver\/","title":{"rendered":"Ansvar &amp; opgaver"},"content":{"rendered":"\n<p><\/p>\n\n\n\n<figure class=\"wp-block-image size-large\"><img loading=\"lazy\" decoding=\"async\" width=\"1024\" height=\"791\" src=\"http:\/\/agervaenget.dk\/wp-content\/uploads\/2026\/03\/Ansvarsomraader-Bestyrelsen-1024x791.jpg\" alt=\"\" class=\"wp-image-1023\" srcset=\"http:\/\/agervaenget.dk\/wp-content\/uploads\/2026\/03\/Ansvarsomraader-Bestyrelsen-1024x791.jpg 1024w, http:\/\/agervaenget.dk\/wp-content\/uploads\/2026\/03\/Ansvarsomraader-Bestyrelsen-300x232.jpg 300w, http:\/\/agervaenget.dk\/wp-content\/uploads\/2026\/03\/Ansvarsomraader-Bestyrelsen-768x593.jpg 768w, http:\/\/agervaenget.dk\/wp-content\/uploads\/2026\/03\/Ansvarsomraader-Bestyrelsen-1536x1187.jpg 1536w, http:\/\/agervaenget.dk\/wp-content\/uploads\/2026\/03\/Ansvarsomraader-Bestyrelsen.jpg 1650w\" sizes=\"(max-width: 1024px) 100vw, 1024px\" \/><\/figure>\n\n\n\n<p style=\"font-size:clamp(0.984rem, 0.984rem + ((1vw - 0.2rem) * 0.938), 1.5rem);\"><strong><mark style=\"background-color:rgba(0, 0, 0, 0);color:#000000\" class=\"has-inline-color\"><span style=\"text-decoration: underline;\">Supplerende ansvars- og arbejdsomr\u00e5der<\/span><\/mark><\/strong><\/p>\n\n\n\n<p><\/p>\n\n\n\n<p><strong><mark style=\"background-color:rgba(0, 0, 0, 0);color:#000000\" class=\"has-inline-color\">Formanden\/-kvinden\/-personen:<\/mark><\/strong><\/p>\n\n\n\n<ul class=\"wp-block-list has-black-color has-text-color has-link-color wp-elements-7cf679f1b62b4311191120f44e6b6dee\">\n<li>B\u00e6rer det overordnede ansvar, i bestyrelsen, for de fremsatte rammer jf. foreningens vedt\u00e6gter.<\/li>\n\n\n\n<li>Sikrer st\u00f8rst mulig efterlevelse af vedt\u00e6gterne, s\u00e6rligt i de forhold, hvor vedt\u00e6gterne ikke efterleves.<\/li>\n\n\n\n<li>Administrerer korrespondancen med ejendomsm\u00e6glere vedr. ejendomshandel og ejerskifter.<\/li>\n\n\n\n<li>Indkalder til bestyrelsesm\u00f8der.<\/li>\n<\/ul>\n\n\n\n<p><strong><mark style=\"background-color:rgba(0, 0, 0, 0);color:#000000\" class=\"has-inline-color\">Kassereren:<\/mark><\/strong><\/p>\n\n\n\n<ul class=\"wp-block-list has-black-color has-text-color has-link-color wp-elements-e336fea333f858aeb4e3ce2e2d6fdce6\">\n<li>S\u00f8rger for bilagsf\u00f8ring og refundering af udl\u00e6g.<\/li>\n\n\n\n<li>Fungerer som bindeled mellem bogholder, bestyrelse og revisor. <\/li>\n\n\n\n<li>Har det overordnede ansvar for og overblik over kontingentindbetaling og restancer.<\/li>\n\n\n\n<li>H\u00e5ndterer (evt. problemer med) tilmeldingen til PBS.<\/li>\n<\/ul>\n\n\n\n<p><strong><mark style=\"background-color:rgba(0, 0, 0, 0);color:#000000\" class=\"has-inline-color\">Bestyrelsesmedlem og n\u00e6stformand:<\/mark><\/strong><\/p>\n\n\n\n<ul class=\"wp-block-list has-black-color has-text-color has-link-color wp-elements-c7960bf3ee5541401bc8f18e088ad4a3\">\n<li>Journaliserer og behandler bestyrelsens dokumenter digitalt.<\/li>\n\n\n\n<li>St\u00e5r for kontakt til og med de IT-kyndige samarbejdssamarbejdspartnere mht. dom\u00e6ne m.m..<\/li>\n\n\n\n<li>Er medlemmerne behj\u00e6lpelige med tekniske problemer med hjemmesiden.<\/li>\n\n\n\n<li>Varetager det digitale sikkerhedsansvar. <\/li>\n<\/ul>\n\n\n\n<p><strong><mark style=\"background-color:rgba(0, 0, 0, 0);color:#000000\" class=\"has-inline-color\">Bestyrelsesmedlem og f\u00e6llesomr\u00e5deansvarlig:<\/mark><\/strong><\/p>\n\n\n\n<ul class=\"wp-block-list has-black-color has-text-color has-link-color wp-elements-cf673348df12226f0be5cd03a9868787\">\n<li>Varetager kontakten til kommunen vedr. vedligehold af foreningens offentligt ejede f\u00e6rdselsomr\u00e5der.<\/li>\n\n\n\n<li>B\u00e6rer det kontraktuelle overblik i forb. med anl\u00e6gsprojekter i foreningens omr\u00e5de (f.eks. vedr. lysstandere, offentlige veje, kloakker, anl\u00e6gsarbejde ved vandv\u00e6rk mv.).<\/li>\n\n\n\n<li>Ser til at foreningens f\u00e6llesomr\u00e5der lever op til de, af foreningens vedt\u00e6gter, satte standarder og m\u00e5l. <\/li>\n\n\n\n<li>F\u00f8rer tilsyn med f\u00e6llesomr\u00e5derne p\u00e5 j\u00e6vn basis. <\/li>\n<\/ul>\n","protected":false},"excerpt":{"rendered":"<p>Supplerende ansvars- og arbejdsomr\u00e5der Formanden\/-kvinden\/-personen: Kassereren: Bestyrelsesmedlem og n\u00e6stformand: Bestyrelsesmedlem og f\u00e6llesomr\u00e5deansvarlig:<\/p>\n","protected":false},"author":3,"featured_media":0,"parent":0,"menu_order":0,"comment_status":"closed","ping_status":"closed","template":"","meta":{"ngg_post_thumbnail":0,"_themeisle_gutenberg_block_has_review":false,"footnotes":""},"class_list":["post-348","page","type-page","status-publish","hentry"],"_links":{"self":[{"href":"http:\/\/agervaenget.dk\/index.php\/wp-json\/wp\/v2\/pages\/348"}],"collection":[{"href":"http:\/\/agervaenget.dk\/index.php\/wp-json\/wp\/v2\/pages"}],"about":[{"href":"http:\/\/agervaenget.dk\/index.php\/wp-json\/wp\/v2\/types\/page"}],"author":[{"embeddable":true,"href":"http:\/\/agervaenget.dk\/index.php\/wp-json\/wp\/v2\/users\/3"}],"replies":[{"embeddable":true,"href":"http:\/\/agervaenget.dk\/index.php\/wp-json\/wp\/v2\/comments?post=348"}],"version-history":[{"count":14,"href":"http:\/\/agervaenget.dk\/index.php\/wp-json\/wp\/v2\/pages\/348\/revisions"}],"predecessor-version":[{"id":1024,"href":"http:\/\/agervaenget.dk\/index.php\/wp-json\/wp\/v2\/pages\/348\/revisions\/1024"}],"wp:attachment":[{"href":"http:\/\/agervaenget.dk\/index.php\/wp-json\/wp\/v2\/media?parent=348"}],"curies":[{"name":"wp","href":"https:\/\/api.w.org\/{rel}","templated":true}]}}