{"id":364,"date":"2025-12-25T11:58:30","date_gmt":"2025-12-25T11:58:30","guid":{"rendered":"http:\/\/agervaenget.dk\/?page_id=364"},"modified":"2026-02-17T14:35:24","modified_gmt":"2026-02-17T14:35:24","slug":"ejendomsmaeglere","status":"publish","type":"page","link":"http:\/\/agervaenget.dk\/index.php\/ejendomsmaeglere\/","title":{"rendered":"Ejendomsm\u00e6gler"},"content":{"rendered":"\n<div class=\"wp-block-columns is-layout-flex wp-container-core-columns-is-layout-1 wp-block-columns-is-layout-flex\">\n<div class=\"wp-block-column is-layout-flow wp-block-column-is-layout-flow\">\n<figure class=\"wp-block-image aligncenter size-full is-resized\"><img loading=\"lazy\" decoding=\"async\" width=\"330\" height=\"226\" src=\"http:\/\/agervaenget.dk\/wp-content\/uploads\/2026\/02\/download-6.jpg\" alt=\"\" class=\"wp-image-757\" style=\"width:362px;height:auto\" srcset=\"http:\/\/agervaenget.dk\/wp-content\/uploads\/2026\/02\/download-6.jpg 330w, http:\/\/agervaenget.dk\/wp-content\/uploads\/2026\/02\/download-6-300x205.jpg 300w\" sizes=\"(max-width: 330px) 100vw, 330px\" \/><\/figure>\n<\/div>\n\n\n\n<div class=\"wp-block-column is-layout-flow wp-block-column-is-layout-flow\">\n<p><mark style=\"background-color:rgba(0, 0, 0, 0);color:#000000\" class=\"has-inline-color\">Det er muligt at indhente en del information om grundejerforeningen her p\u00e5 hjemmesiden og der er tilgang til nogle af foreningens dokumenter i vores <\/mark><a href=\"http:\/\/agervaenget.dk\/index.php\/dokument-database\/\" data-type=\"page\" data-id=\"366\">d<\/a><a href=\"http:\/\/agervaenget.dk\/index.php\/dokument-database\/\" data-type=\"page\" data-id=\"366\">okumentarkiv<\/a><mark style=\"background-color:rgba(0, 0, 0, 0);color:#000000\" class=\"has-inline-color\">.<\/mark><\/p>\n\n\n\n<p><mark style=\"background-color:rgba(0, 0, 0, 0);color:#000000\" class=\"has-inline-color\">Ved officiel foresp\u00f8rgsel om dokumentation vedr. regnskab, budget, referat(er) og restance,\u00a0v\u00e6r da opm\u00e6rksom p\u00e5 at vi opkr\u00e6ver\u00a0et administrations-gebyr\u00a0herfor. Se gebyrer<\/mark> <a href=\"http:\/\/agervaenget.dk\/index.php\/gebyrer\/\" data-type=\"page\" data-id=\"356\">her<\/a>. <\/p>\n<\/div>\n<\/div>\n\n\n\n<p><strong><mark style=\"background-color:rgba(0, 0, 0, 0);color:#000000\" class=\"has-inline-color\">BEM\u00c6RK VEDR\u00d8RENDE EJERFORHOLD!&nbsp;<\/mark><\/strong><\/p>\n\n\n\n<p><mark style=\"background-color:rgba(0, 0, 0, 0);color:#000000\" class=\"has-inline-color\">Det er grund-\/parcelejers pligt,\u00a0at holde foreningen orienteret om (\u00e6ndrede) ejerforhold,\u00a0herunder oplysninger som navn, adresse, e-mail adresse, telefonnummer, indflytningsdato samt eventuelt \u00f8vrige v\u00e6sentlige informationer p\u00e5 ejer.<\/mark><\/p>\n\n\n\n<p><mark style=\"background-color:rgba(0, 0, 0, 0);color:#000000\" class=\"has-inline-color\">Manglende orientering\u00a0om \u00e6ndringer i ejerforhold og evt. skifte heraf, medf\u00f8rer p\u00e5l\u00e6g om betaling af et\u00a0ejerskiftegebyr til den indflyttende grund-\/ parcelejer, ved f\u00f8rstkommende opkr\u00e6vning af kontingent. Se mere om priser <a href=\"http:\/\/agervaenget.dk\/index.php\/gebyrer\/\" data-type=\"page\" data-id=\"356\">her<\/a>.  <\/mark><\/p>\n\n\n\n<p><mark style=\"background-color:rgba(0, 0, 0, 0);color:#000000\" class=\"has-inline-color\">Ved sp\u00f8rgsm\u00e5l vedr\u00f8rende ovenst\u00e5ende kan vi kontaktes <a href=\"http:\/\/agervaenget.dk\/index.php\/contact-page\/\" data-type=\"page\" data-id=\"13\">her<\/a>. \u00a0<\/mark><\/p>\n","protected":false},"excerpt":{"rendered":"<p>Det er muligt at indhente en del information om grundejerforeningen her p\u00e5 hjemmesiden og der er tilgang til nogle af foreningens dokumenter i vores dokumentarkiv. Ved officiel foresp\u00f8rgsel om dokumentation vedr. regnskab, budget, referat(er) og restance,\u00a0v\u00e6r da opm\u00e6rksom p\u00e5 at vi opkr\u00e6ver\u00a0et administrations-gebyr\u00a0herfor. Se gebyrer her. BEM\u00c6RK VEDR\u00d8RENDE EJERFORHOLD!&nbsp; Det er grund-\/parcelejers pligt,\u00a0at holde foreningen [&hellip;]<\/p>\n","protected":false},"author":3,"featured_media":0,"parent":0,"menu_order":0,"comment_status":"closed","ping_status":"closed","template":"","meta":{"ngg_post_thumbnail":0,"_themeisle_gutenberg_block_has_review":false,"footnotes":""},"class_list":["post-364","page","type-page","status-publish","hentry"],"_links":{"self":[{"href":"http:\/\/agervaenget.dk\/index.php\/wp-json\/wp\/v2\/pages\/364"}],"collection":[{"href":"http:\/\/agervaenget.dk\/index.php\/wp-json\/wp\/v2\/pages"}],"about":[{"href":"http:\/\/agervaenget.dk\/index.php\/wp-json\/wp\/v2\/types\/page"}],"author":[{"embeddable":true,"href":"http:\/\/agervaenget.dk\/index.php\/wp-json\/wp\/v2\/users\/3"}],"replies":[{"embeddable":true,"href":"http:\/\/agervaenget.dk\/index.php\/wp-json\/wp\/v2\/comments?post=364"}],"version-history":[{"count":10,"href":"http:\/\/agervaenget.dk\/index.php\/wp-json\/wp\/v2\/pages\/364\/revisions"}],"predecessor-version":[{"id":953,"href":"http:\/\/agervaenget.dk\/index.php\/wp-json\/wp\/v2\/pages\/364\/revisions\/953"}],"wp:attachment":[{"href":"http:\/\/agervaenget.dk\/index.php\/wp-json\/wp\/v2\/media?parent=364"}],"curies":[{"name":"wp","href":"https:\/\/api.w.org\/{rel}","templated":true}]}}